{"id":848,"date":"2023-01-30T16:15:00","date_gmt":"2023-01-30T15:15:00","guid":{"rendered":"https:\/\/gevaliapolska.pl\/home\/?post_type=product&#038;p=848"},"modified":"2025-05-17T12:18:36","modified_gmt":"2025-05-17T10:18:36","slug":"gevalia-latte-caramel-96g","status":"publish","type":"product","link":"https:\/\/gevaliapolska.pl\/home\/produkt\/gevalia-latte-caramel-96g\/","title":{"rendered":"Gevalia Latte Caramel 96g"},"content":{"rendered":"<h1>Gevalia Latte Caramel 96g<\/h1>\n<p><strong>Gevalia Latte Caramel 96g<\/strong> to wyj\u0105tkowa kawa latte o s\u0142odkim smaku karmelu, idealna dla os\u00f3b, kt\u00f3re pragn\u0105 po\u0142\u0105czy\u0107 przyjemno\u015b\u0107 picia kawy z delikatn\u0105 nut\u0105 karmelu. Wystarczy doda\u0107 wod\u0119 lub mleko, aby cieszy\u0107 si\u0119 pe\u0142nym smakiem i kremow\u0105 konsystencj\u0105. To doskona\u0142a kawa do relaksu, kt\u00f3ra wprowadzi Ci\u0119 w wyj\u0105tkowy nastr\u00f3j dzi\u0119ki harmonijnemu po\u0142\u0105czeniu kawy, mleka i karmelu.<\/p>\n<h2>Sk\u0142ad:<\/h2>\n<ul>\n<li>\u0141agodna kawa rozpuszczalna<\/li>\n<li>Cukier<\/li>\n<li>Mleko w proszku<\/li>\n<li>Aromaty karmelowe<\/li>\n<li>Substancje przeciwzbrylaj\u0105ce<\/li>\n<\/ul>\n<h2>Warto\u015bci energetyczne (na 100g):<\/h2>\n<table>\n<tbody>\n<tr>\n<th>Warto\u015b\u0107 energetyczna<\/th>\n<td>375 kcal \/ 1570 kJ<\/td>\n<\/tr>\n<tr>\n<th>T\u0142uszcz<\/th>\n<td>14 g<\/td>\n<\/tr>\n<tr>\n<th>w tym kwasy t\u0142uszczowe nasycone<\/th>\n<td>9 g<\/td>\n<\/tr>\n<tr>\n<th>W\u0119glowodany<\/th>\n<td>58 g<\/td>\n<\/tr>\n<tr>\n<th>w tym cukry<\/th>\n<td>56 g<\/td>\n<\/tr>\n<tr>\n<th>Bia\u0142ko<\/th>\n<td>5 g<\/td>\n<\/tr>\n<tr>\n<th>S\u00f3l<\/th>\n<td>0.2 g<\/td>\n<\/tr>\n<\/tbody>\n<\/table>\n<p><strong>Gevalia Latte Caramel 96g<\/strong> to idealny wyb\u00f3r dla tych, kt\u00f3rzy szukaj\u0105 czego\u015b wyj\u0105tkowego, by zaspokoi\u0107 swoj\u0105 ochot\u0119 na kaw\u0119 z karmelowym akcentem. Przygotowanie tej pysznej kawy jest szybkie i \u0142atwe, a jej smak na pewno Ci\u0119 oczaruje!<\/p>\n","protected":false},"excerpt":{"rendered":"<p>Gevalia Latte Caramel 96g to kawa latte o wyj\u0105tkowym smaku karmelu. Wystarczy doda\u0107 wod\u0119 lub mleko, aby cieszy\u0107 si\u0119 pysznym, kremowym napojem na ka\u017cd\u0105 okazj\u0119.<\/p>\n","protected":false},"featured_media":1804,"comment_status":"open","ping_status":"closed","template":"","meta":[],"product_brand":[],"product_cat":[118,174,35],"product_tag":[123],"class_list":{"0":"post-848","1":"product","2":"type-product","3":"status-publish","4":"has-post-thumbnail","6":"product_cat-cappuccino","7":"product_cat-gevalia-marki","8":"product_cat-kawa","9":"product_tag-cappuccino","11":"first","12":"instock","13":"shipping-taxable","14":"purchasable","15":"product-type-simple"},"yoast_head":"<!-- This site is optimized with the Yoast SEO plugin v25.1 - https:\/\/yoast.com\/wordpress\/plugins\/seo\/ -->\n<title>Gevalia Latte Caramel 96g - gevaliapolska<\/title>\n<meta name=\"description\" content=\"Gevalia Latte Caramel 96g \u2013 pyszna kawa latte o s\u0142odkim smaku karmelu, idealna do przygotowania w chwil\u0119. Ciesz si\u0119 aromatycznym napojem z pe\u0142nym smakiem karmelu.\" \/>\n<meta name=\"robots\" content=\"index, follow, max-snippet:-1, max-image-preview:large, max-video-preview:-1\" \/>\n<link rel=\"canonical\" href=\"https:\/\/gevaliapolska.pl\/home\/produkt\/gevalia-latte-caramel-96g\/\" \/>\n<meta property=\"og:locale\" content=\"pl_PL\" \/>\n<meta property=\"og:type\" content=\"article\" \/>\n<meta property=\"og:title\" content=\"Gevalia Latte Caramel 96g - gevaliapolska\" \/>\n<meta property=\"og:description\" content=\"Gevalia Latte Caramel 96g \u2013 pyszna kawa latte o s\u0142odkim smaku karmelu, idealna do przygotowania w chwil\u0119. Ciesz si\u0119 aromatycznym napojem z pe\u0142nym smakiem karmelu.\" \/>\n<meta property=\"og:url\" content=\"https:\/\/gevaliapolska.pl\/home\/produkt\/gevalia-latte-caramel-96g\/\" \/>\n<meta property=\"og:site_name\" content=\"gevaliapolska\" \/>\n<meta property=\"article:publisher\" content=\"https:\/\/www.facebook.com\/konsultimpex.anthonberg\/\" \/>\n<meta property=\"article:modified_time\" content=\"2025-05-17T10:18:36+00:00\" \/>\n<meta property=\"og:image\" content=\"https:\/\/gevaliapolska.pl\/wp-content\/uploads\/2023\/01\/KAWA-ROZPUSZCZALNA-GEVALIA-LATTE-CARAMEL-8-szt-SASZETKI-CAPPUCCINO.jpg\" \/>\n\t<meta property=\"og:image:width\" content=\"700\" \/>\n\t<meta property=\"og:image:height\" content=\"700\" \/>\n\t<meta property=\"og:image:type\" content=\"image\/jpeg\" \/>\n<meta name=\"twitter:card\" content=\"summary_large_image\" \/>\n<meta name=\"twitter:label1\" content=\"Szacowany czas czytania\" \/>\n\t<meta name=\"twitter:data1\" content=\"2 minuty\" \/>\n<script type=\"application\/ld+json\" class=\"yoast-schema-graph\">{\"@context\":\"https:\/\/schema.org\",\"@graph\":[{\"@type\":\"WebPage\",\"@id\":\"https:\/\/gevaliapolska.pl\/home\/produkt\/gevalia-latte-caramel-96g\/\",\"url\":\"https:\/\/gevaliapolska.pl\/home\/produkt\/gevalia-latte-caramel-96g\/\",\"name\":\"Gevalia Latte Caramel 96g - gevaliapolska\",\"isPartOf\":{\"@id\":\"https:\/\/gevaliapolska.pl\/home\/#website\"},\"primaryImageOfPage\":{\"@id\":\"https:\/\/gevaliapolska.pl\/home\/produkt\/gevalia-latte-caramel-96g\/#primaryimage\"},\"image\":{\"@id\":\"https:\/\/gevaliapolska.pl\/home\/produkt\/gevalia-latte-caramel-96g\/#primaryimage\"},\"thumbnailUrl\":\"https:\/\/gevaliapolska.pl\/wp-content\/uploads\/2023\/01\/KAWA-ROZPUSZCZALNA-GEVALIA-LATTE-CARAMEL-8-szt-SASZETKI-CAPPUCCINO.jpg\",\"datePublished\":\"2023-01-30T15:15:00+00:00\",\"dateModified\":\"2025-05-17T10:18:36+00:00\",\"description\":\"Gevalia Latte Caramel 96g \u2013 pyszna kawa latte o s\u0142odkim smaku karmelu, idealna do przygotowania w chwil\u0119. Ciesz si\u0119 aromatycznym napojem z pe\u0142nym smakiem karmelu.\",\"breadcrumb\":{\"@id\":\"https:\/\/gevaliapolska.pl\/home\/produkt\/gevalia-latte-caramel-96g\/#breadcrumb\"},\"inLanguage\":\"pl-PL\",\"potentialAction\":[{\"@type\":\"ReadAction\",\"target\":[\"https:\/\/gevaliapolska.pl\/home\/produkt\/gevalia-latte-caramel-96g\/\"]}]},{\"@type\":\"ImageObject\",\"inLanguage\":\"pl-PL\",\"@id\":\"https:\/\/gevaliapolska.pl\/home\/produkt\/gevalia-latte-caramel-96g\/#primaryimage\",\"url\":\"https:\/\/gevaliapolska.pl\/wp-content\/uploads\/2023\/01\/KAWA-ROZPUSZCZALNA-GEVALIA-LATTE-CARAMEL-8-szt-SASZETKI-CAPPUCCINO.jpg\",\"contentUrl\":\"https:\/\/gevaliapolska.pl\/wp-content\/uploads\/2023\/01\/KAWA-ROZPUSZCZALNA-GEVALIA-LATTE-CARAMEL-8-szt-SASZETKI-CAPPUCCINO.jpg\",\"width\":700,\"height\":700,\"caption\":\"386b1f85441f5046775f2626d74b59967801256e1c033b2fecf944d81480bebe132cb08ff3ebb74baff0f8b9284fb8e4bb0d8dcb917bc947c4c301a5900db1e1328f227286661dba11389302c80dbdd4\"},{\"@type\":\"BreadcrumbList\",\"@id\":\"https:\/\/gevaliapolska.pl\/home\/produkt\/gevalia-latte-caramel-96g\/#breadcrumb\",\"itemListElement\":[{\"@type\":\"ListItem\",\"position\":1,\"name\":\"Strona g\u0142\u00f3wna\",\"item\":\"https:\/\/gevaliapolska.pl\/home\/\"},{\"@type\":\"ListItem\",\"position\":2,\"name\":\"Sklep\",\"item\":\"https:\/\/gevaliapolska.pl\/home\/home\/sklep\/\"},{\"@type\":\"ListItem\",\"position\":3,\"name\":\"Gevalia Latte Caramel 96g\"}]},{\"@type\":\"WebSite\",\"@id\":\"https:\/\/gevaliapolska.pl\/home\/#website\",\"url\":\"https:\/\/gevaliapolska.pl\/home\/\",\"name\":\"gevaliapolska\",\"description\":\"Sklep ze s\u0142odyczami i kaw\u0105 Anthon Berg, Marabou, Toms, Daim, Gevalia, Tchibo\",\"publisher\":{\"@id\":\"https:\/\/gevaliapolska.pl\/home\/#organization\"},\"potentialAction\":[{\"@type\":\"SearchAction\",\"target\":{\"@type\":\"EntryPoint\",\"urlTemplate\":\"https:\/\/gevaliapolska.pl\/home\/?s={search_term_string}\"},\"query-input\":{\"@type\":\"PropertyValueSpecification\",\"valueRequired\":true,\"valueName\":\"search_term_string\"}}],\"inLanguage\":\"pl-PL\"},{\"@type\":\"Organization\",\"@id\":\"https:\/\/gevaliapolska.pl\/home\/#organization\",\"name\":\"Konsult Impex Sp. z o.o.\",\"url\":\"https:\/\/gevaliapolska.pl\/home\/\",\"logo\":{\"@type\":\"ImageObject\",\"inLanguage\":\"pl-PL\",\"@id\":\"https:\/\/gevaliapolska.pl\/home\/#\/schema\/logo\/image\/\",\"url\":\"https:\/\/gevaliapolska.pl\/wp-content\/uploads\/2021\/02\/konsulimpex-3.svg\",\"contentUrl\":\"https:\/\/gevaliapolska.pl\/wp-content\/uploads\/2021\/02\/konsulimpex-3.svg\",\"caption\":\"Konsult Impex Sp. z o.o.\"},\"image\":{\"@id\":\"https:\/\/gevaliapolska.pl\/home\/#\/schema\/logo\/image\/\"},\"sameAs\":[\"https:\/\/www.facebook.com\/konsultimpex.anthonberg\/\"]}]}<\/script>\n<!-- \/ Yoast SEO plugin. -->","yoast_head_json":{"title":"Gevalia Latte Caramel 96g - gevaliapolska","description":"Gevalia Latte Caramel 96g \u2013 pyszna kawa latte o s\u0142odkim smaku karmelu, idealna do przygotowania w chwil\u0119. Ciesz si\u0119 aromatycznym napojem z pe\u0142nym smakiem karmelu.","robots":{"index":"index","follow":"follow","max-snippet":"max-snippet:-1","max-image-preview":"max-image-preview:large","max-video-preview":"max-video-preview:-1"},"canonical":"https:\/\/gevaliapolska.pl\/home\/produkt\/gevalia-latte-caramel-96g\/","og_locale":"pl_PL","og_type":"article","og_title":"Gevalia Latte Caramel 96g - gevaliapolska","og_description":"Gevalia Latte Caramel 96g \u2013 pyszna kawa latte o s\u0142odkim smaku karmelu, idealna do przygotowania w chwil\u0119. Ciesz si\u0119 aromatycznym napojem z pe\u0142nym smakiem karmelu.","og_url":"https:\/\/gevaliapolska.pl\/home\/produkt\/gevalia-latte-caramel-96g\/","og_site_name":"gevaliapolska","article_publisher":"https:\/\/www.facebook.com\/konsultimpex.anthonberg\/","article_modified_time":"2025-05-17T10:18:36+00:00","og_image":[{"width":700,"height":700,"url":"https:\/\/gevaliapolska.pl\/wp-content\/uploads\/2023\/01\/KAWA-ROZPUSZCZALNA-GEVALIA-LATTE-CARAMEL-8-szt-SASZETKI-CAPPUCCINO.jpg","type":"image\/jpeg"}],"twitter_card":"summary_large_image","twitter_misc":{"Szacowany czas czytania":"2 minuty"},"schema":{"@context":"https:\/\/schema.org","@graph":[{"@type":"WebPage","@id":"https:\/\/gevaliapolska.pl\/home\/produkt\/gevalia-latte-caramel-96g\/","url":"https:\/\/gevaliapolska.pl\/home\/produkt\/gevalia-latte-caramel-96g\/","name":"Gevalia Latte Caramel 96g - gevaliapolska","isPartOf":{"@id":"https:\/\/gevaliapolska.pl\/home\/#website"},"primaryImageOfPage":{"@id":"https:\/\/gevaliapolska.pl\/home\/produkt\/gevalia-latte-caramel-96g\/#primaryimage"},"image":{"@id":"https:\/\/gevaliapolska.pl\/home\/produkt\/gevalia-latte-caramel-96g\/#primaryimage"},"thumbnailUrl":"https:\/\/gevaliapolska.pl\/wp-content\/uploads\/2023\/01\/KAWA-ROZPUSZCZALNA-GEVALIA-LATTE-CARAMEL-8-szt-SASZETKI-CAPPUCCINO.jpg","datePublished":"2023-01-30T15:15:00+00:00","dateModified":"2025-05-17T10:18:36+00:00","description":"Gevalia Latte Caramel 96g \u2013 pyszna kawa latte o s\u0142odkim smaku karmelu, idealna do przygotowania w chwil\u0119. Ciesz si\u0119 aromatycznym napojem z pe\u0142nym smakiem karmelu.","breadcrumb":{"@id":"https:\/\/gevaliapolska.pl\/home\/produkt\/gevalia-latte-caramel-96g\/#breadcrumb"},"inLanguage":"pl-PL","potentialAction":[{"@type":"ReadAction","target":["https:\/\/gevaliapolska.pl\/home\/produkt\/gevalia-latte-caramel-96g\/"]}]},{"@type":"ImageObject","inLanguage":"pl-PL","@id":"https:\/\/gevaliapolska.pl\/home\/produkt\/gevalia-latte-caramel-96g\/#primaryimage","url":"https:\/\/gevaliapolska.pl\/wp-content\/uploads\/2023\/01\/KAWA-ROZPUSZCZALNA-GEVALIA-LATTE-CARAMEL-8-szt-SASZETKI-CAPPUCCINO.jpg","contentUrl":"https:\/\/gevaliapolska.pl\/wp-content\/uploads\/2023\/01\/KAWA-ROZPUSZCZALNA-GEVALIA-LATTE-CARAMEL-8-szt-SASZETKI-CAPPUCCINO.jpg","width":700,"height":700,"caption":"386b1f85441f5046775f2626d74b59967801256e1c033b2fecf944d81480bebe132cb08ff3ebb74baff0f8b9284fb8e4bb0d8dcb917bc947c4c301a5900db1e1328f227286661dba11389302c80dbdd4"},{"@type":"BreadcrumbList","@id":"https:\/\/gevaliapolska.pl\/home\/produkt\/gevalia-latte-caramel-96g\/#breadcrumb","itemListElement":[{"@type":"ListItem","position":1,"name":"Strona g\u0142\u00f3wna","item":"https:\/\/gevaliapolska.pl\/home\/"},{"@type":"ListItem","position":2,"name":"Sklep","item":"https:\/\/gevaliapolska.pl\/home\/home\/sklep\/"},{"@type":"ListItem","position":3,"name":"Gevalia Latte Caramel 96g"}]},{"@type":"WebSite","@id":"https:\/\/gevaliapolska.pl\/home\/#website","url":"https:\/\/gevaliapolska.pl\/home\/","name":"gevaliapolska","description":"Sklep ze s\u0142odyczami i kaw\u0105 Anthon Berg, Marabou, Toms, Daim, Gevalia, Tchibo","publisher":{"@id":"https:\/\/gevaliapolska.pl\/home\/#organization"},"potentialAction":[{"@type":"SearchAction","target":{"@type":"EntryPoint","urlTemplate":"https:\/\/gevaliapolska.pl\/home\/?s={search_term_string}"},"query-input":{"@type":"PropertyValueSpecification","valueRequired":true,"valueName":"search_term_string"}}],"inLanguage":"pl-PL"},{"@type":"Organization","@id":"https:\/\/gevaliapolska.pl\/home\/#organization","name":"Konsult Impex Sp. z o.o.","url":"https:\/\/gevaliapolska.pl\/home\/","logo":{"@type":"ImageObject","inLanguage":"pl-PL","@id":"https:\/\/gevaliapolska.pl\/home\/#\/schema\/logo\/image\/","url":"https:\/\/gevaliapolska.pl\/wp-content\/uploads\/2021\/02\/konsulimpex-3.svg","contentUrl":"https:\/\/gevaliapolska.pl\/wp-content\/uploads\/2021\/02\/konsulimpex-3.svg","caption":"Konsult Impex Sp. z o.o."},"image":{"@id":"https:\/\/gevaliapolska.pl\/home\/#\/schema\/logo\/image\/"},"sameAs":["https:\/\/www.facebook.com\/konsultimpex.anthonberg\/"]}]}},"jetpack_sharing_enabled":true,"_links":{"self":[{"href":"https:\/\/gevaliapolska.pl\/home\/wp-json\/wp\/v2\/product\/848","targetHints":{"allow":["GET"]}}],"collection":[{"href":"https:\/\/gevaliapolska.pl\/home\/wp-json\/wp\/v2\/product"}],"about":[{"href":"https:\/\/gevaliapolska.pl\/home\/wp-json\/wp\/v2\/types\/product"}],"replies":[{"embeddable":true,"href":"https:\/\/gevaliapolska.pl\/home\/wp-json\/wp\/v2\/comments?post=848"}],"wp:featuredmedia":[{"embeddable":true,"href":"https:\/\/gevaliapolska.pl\/home\/wp-json\/wp\/v2\/media\/1804"}],"wp:attachment":[{"href":"https:\/\/gevaliapolska.pl\/home\/wp-json\/wp\/v2\/media?parent=848"}],"wp:term":[{"taxonomy":"product_brand","embeddable":true,"href":"https:\/\/gevaliapolska.pl\/home\/wp-json\/wp\/v2\/product_brand?post=848"},{"taxonomy":"product_cat","embeddable":true,"href":"https:\/\/gevaliapolska.pl\/home\/wp-json\/wp\/v2\/product_cat?post=848"},{"taxonomy":"product_tag","embeddable":true,"href":"https:\/\/gevaliapolska.pl\/home\/wp-json\/wp\/v2\/product_tag?post=848"}],"curies":[{"name":"wp","href":"https:\/\/api.w.org\/{rel}","templated":true}]}}