{"id":532,"date":"2021-04-25T16:56:13","date_gmt":"2021-04-25T14:56:13","guid":{"rendered":"https:\/\/gevaliapolska.pl\/?post_type=product&#038;p=532"},"modified":"2025-04-24T21:19:17","modified_gmt":"2025-04-24T19:19:17","slug":"rigoni-di-asiago-fiordifruta-bio-figi-260g","status":"publish","type":"product","link":"https:\/\/gevaliapolska.pl\/home\/produkt\/rigoni-di-asiago-fiordifruta-bio-figi-260g\/","title":{"rendered":"Rigoni di Asiago Fiordifruta Bio Figi 260g"},"content":{"rendered":"<p>Bio Rigoni di Asiago Bio Fiordifrutta\u00a0 Figi, 260g<\/p>\n<p>Brak por\u00f3wnania z konwencjonalnymi d\u017cemami<\/p>\n<p>Figi zbierane s\u0105 g\u0142\u00f3wnie w Kampanii od pocz\u0105tku lata do ko\u0144ca wrze\u015bnia. Figi s\u0105 bogate w s\u0142odkie substancje, ale ma\u0142o kaloryczne. Smak: s\u0142odki i bardzo przyjemny. Kojarzenia i porady: pyszne w po\u0142\u0105czeniu z surow\u0105 szynk\u0105, gorgonzol\u0105, dojrzewaj\u0105cymi serami i wieprzowin\u0105.<\/p>\n<p>Fiordifrutta Feige<\/p>\n<p>\u2013 bukiet aromatycznych owoc\u00f3w w jednym s\u0142oiczku.<\/p>\n<p>\u2013 Tylko najlepsze owoce, pochodz\u0105ce z upraw ekologicznych (certyfikat BIO)<\/p>\n<p>\u2013 Produkt bezglutenowy<\/p>\n<p>\u2013\u00a0Bez dodatku cukru. S\u0142odzony wy\u0142\u0105cznie sokiem z Jab\u0142ek, zawiera naturalnie wyst\u0119pujace cukry.<\/p>\n<p>\u2013 Posiadaj\u0105cy certyfikat koszerno\u015bci<\/p>\n<p>\u2013 Wi\u0119cej ni\u017c 1,5 kg owoc\u00f3w w jednym s\u0142oiczku.<\/p>\n<p>\u2013 100% owoc\u00f3w<\/p>\n<p>\u2013 Przetwarzane w niskich temperaturach<\/p>\n<p>Ekologiczny produkt z owoc\u00f3w figi s\u0142odzony wy\u0142\u0105cznie naturalnym sokiem z owoc\u00f3w. Idealny do pieczywa, ser\u00f3w, w\u0119dlin, jogurtu, nale\u015bnik\u00f3w, ciast i deser\u00f3w.<\/p>\n","protected":false},"excerpt":{"rendered":"<p>Brak por\u00f3wnania z konwencjonalnymi d\u017cemami<\/p>\n<p>Figi zbierane s\u0105 g\u0142\u00f3wnie w Kampanii od pocz\u0105tku lata do ko\u0144ca wrze\u015bnia. Figi s\u0105 bogate w s\u0142odkie substancje, ale ma\u0142o kaloryczne. Smak: s\u0142odki i bardzo przyjemny. Kojarzenia i porady: pyszne w po\u0142\u0105czeniu z surow\u0105 szynk\u0105, gorgonzol\u0105, dojrzewaj\u0105cymi serami i wieprzowin\u0105.<\/p>\n","protected":false},"featured_media":533,"comment_status":"open","ping_status":"closed","template":"","meta":[],"product_brand":[],"product_cat":[23,24,180],"product_tag":[25],"class_list":{"0":"post-532","1":"product","2":"type-product","3":"status-publish","4":"has-post-thumbnail","6":"product_cat-artykuly-spozywcze","7":"product_cat-bio-konfitury","8":"product_cat-rigoni-di-asiago-fiordifruta","9":"product_tag-rigoni-di-asiago","11":"first","12":"outofstock","13":"shipping-taxable","14":"purchasable","15":"product-type-simple"},"yoast_head":"<!-- This site is optimized with the Yoast SEO plugin v25.1 - https:\/\/yoast.com\/wordpress\/plugins\/seo\/ -->\n<title>Rigoni di Asiago Fiordifruta Bio Figi 260g - gevaliapolska %<\/title>\n<meta name=\"description\" content=\"%\" \/>\n<meta name=\"robots\" content=\"index, follow, max-snippet:-1, max-image-preview:large, max-video-preview:-1\" \/>\n<link rel=\"canonical\" href=\"https:\/\/gevaliapolska.pl\/home\/produkt\/rigoni-di-asiago-fiordifruta-bio-figi-260g\/\" \/>\n<meta property=\"og:locale\" content=\"pl_PL\" \/>\n<meta property=\"og:type\" content=\"article\" \/>\n<meta property=\"og:title\" content=\"Rigoni di Asiago Fiordifruta Bio Figi 260g - gevaliapolska %\" \/>\n<meta property=\"og:description\" content=\"%\" \/>\n<meta property=\"og:url\" content=\"https:\/\/gevaliapolska.pl\/home\/produkt\/rigoni-di-asiago-fiordifruta-bio-figi-260g\/\" \/>\n<meta property=\"og:site_name\" content=\"gevaliapolska\" \/>\n<meta property=\"article:publisher\" content=\"https:\/\/www.facebook.com\/konsultimpex.anthonberg\/\" \/>\n<meta property=\"article:modified_time\" content=\"2025-04-24T19:19:17+00:00\" \/>\n<meta property=\"og:image\" content=\"https:\/\/gevaliapolska.pl\/wp-content\/uploads\/2021\/04\/Rig_Feige.jpg\" \/>\n\t<meta property=\"og:image:width\" content=\"440\" \/>\n\t<meta property=\"og:image:height\" content=\"600\" \/>\n\t<meta property=\"og:image:type\" content=\"image\/jpeg\" \/>\n<meta name=\"twitter:card\" content=\"summary_large_image\" \/>\n<meta name=\"twitter:label1\" content=\"Szacowany czas czytania\" \/>\n\t<meta name=\"twitter:data1\" content=\"1 minuta\" \/>\n<script type=\"application\/ld+json\" class=\"yoast-schema-graph\">{\"@context\":\"https:\/\/schema.org\",\"@graph\":[{\"@type\":\"WebPage\",\"@id\":\"https:\/\/gevaliapolska.pl\/home\/produkt\/rigoni-di-asiago-fiordifruta-bio-figi-260g\/\",\"url\":\"https:\/\/gevaliapolska.pl\/home\/produkt\/rigoni-di-asiago-fiordifruta-bio-figi-260g\/\",\"name\":\"Rigoni di Asiago Fiordifruta Bio Figi 260g - gevaliapolska %\",\"isPartOf\":{\"@id\":\"https:\/\/gevaliapolska.pl\/home\/#website\"},\"primaryImageOfPage\":{\"@id\":\"https:\/\/gevaliapolska.pl\/home\/produkt\/rigoni-di-asiago-fiordifruta-bio-figi-260g\/#primaryimage\"},\"image\":{\"@id\":\"https:\/\/gevaliapolska.pl\/home\/produkt\/rigoni-di-asiago-fiordifruta-bio-figi-260g\/#primaryimage\"},\"thumbnailUrl\":\"https:\/\/gevaliapolska.pl\/wp-content\/uploads\/2021\/04\/Rig_Feige.jpg\",\"datePublished\":\"2021-04-25T14:56:13+00:00\",\"dateModified\":\"2025-04-24T19:19:17+00:00\",\"description\":\"%\",\"breadcrumb\":{\"@id\":\"https:\/\/gevaliapolska.pl\/home\/produkt\/rigoni-di-asiago-fiordifruta-bio-figi-260g\/#breadcrumb\"},\"inLanguage\":\"pl-PL\",\"potentialAction\":[{\"@type\":\"ReadAction\",\"target\":[\"https:\/\/gevaliapolska.pl\/home\/produkt\/rigoni-di-asiago-fiordifruta-bio-figi-260g\/\"]}]},{\"@type\":\"ImageObject\",\"inLanguage\":\"pl-PL\",\"@id\":\"https:\/\/gevaliapolska.pl\/home\/produkt\/rigoni-di-asiago-fiordifruta-bio-figi-260g\/#primaryimage\",\"url\":\"https:\/\/gevaliapolska.pl\/wp-content\/uploads\/2021\/04\/Rig_Feige.jpg\",\"contentUrl\":\"https:\/\/gevaliapolska.pl\/wp-content\/uploads\/2021\/04\/Rig_Feige.jpg\",\"width\":440,\"height\":600},{\"@type\":\"BreadcrumbList\",\"@id\":\"https:\/\/gevaliapolska.pl\/home\/produkt\/rigoni-di-asiago-fiordifruta-bio-figi-260g\/#breadcrumb\",\"itemListElement\":[{\"@type\":\"ListItem\",\"position\":1,\"name\":\"Strona g\u0142\u00f3wna\",\"item\":\"https:\/\/gevaliapolska.pl\/home\/\"},{\"@type\":\"ListItem\",\"position\":2,\"name\":\"Sklep\",\"item\":\"https:\/\/gevaliapolska.pl\/home\/home\/sklep\/\"},{\"@type\":\"ListItem\",\"position\":3,\"name\":\"Rigoni di Asiago Fiordifruta Bio Figi 260g\"}]},{\"@type\":\"WebSite\",\"@id\":\"https:\/\/gevaliapolska.pl\/home\/#website\",\"url\":\"https:\/\/gevaliapolska.pl\/home\/\",\"name\":\"gevaliapolska\",\"description\":\"Sklep ze s\u0142odyczami i kaw\u0105 Anthon Berg, Marabou, Toms, Daim, Gevalia, Tchibo\",\"publisher\":{\"@id\":\"https:\/\/gevaliapolska.pl\/home\/#organization\"},\"potentialAction\":[{\"@type\":\"SearchAction\",\"target\":{\"@type\":\"EntryPoint\",\"urlTemplate\":\"https:\/\/gevaliapolska.pl\/home\/?s={search_term_string}\"},\"query-input\":{\"@type\":\"PropertyValueSpecification\",\"valueRequired\":true,\"valueName\":\"search_term_string\"}}],\"inLanguage\":\"pl-PL\"},{\"@type\":\"Organization\",\"@id\":\"https:\/\/gevaliapolska.pl\/home\/#organization\",\"name\":\"Konsult Impex Sp. z o.o.\",\"url\":\"https:\/\/gevaliapolska.pl\/home\/\",\"logo\":{\"@type\":\"ImageObject\",\"inLanguage\":\"pl-PL\",\"@id\":\"https:\/\/gevaliapolska.pl\/home\/#\/schema\/logo\/image\/\",\"url\":\"https:\/\/gevaliapolska.pl\/wp-content\/uploads\/2021\/02\/konsulimpex-3.svg\",\"contentUrl\":\"https:\/\/gevaliapolska.pl\/wp-content\/uploads\/2021\/02\/konsulimpex-3.svg\",\"caption\":\"Konsult Impex Sp. z o.o.\"},\"image\":{\"@id\":\"https:\/\/gevaliapolska.pl\/home\/#\/schema\/logo\/image\/\"},\"sameAs\":[\"https:\/\/www.facebook.com\/konsultimpex.anthonberg\/\"]}]}<\/script>\n<!-- \/ Yoast SEO plugin. -->","yoast_head_json":{"title":"Rigoni di Asiago Fiordifruta Bio Figi 260g - gevaliapolska %","description":"%","robots":{"index":"index","follow":"follow","max-snippet":"max-snippet:-1","max-image-preview":"max-image-preview:large","max-video-preview":"max-video-preview:-1"},"canonical":"https:\/\/gevaliapolska.pl\/home\/produkt\/rigoni-di-asiago-fiordifruta-bio-figi-260g\/","og_locale":"pl_PL","og_type":"article","og_title":"Rigoni di Asiago Fiordifruta Bio Figi 260g - gevaliapolska %","og_description":"%","og_url":"https:\/\/gevaliapolska.pl\/home\/produkt\/rigoni-di-asiago-fiordifruta-bio-figi-260g\/","og_site_name":"gevaliapolska","article_publisher":"https:\/\/www.facebook.com\/konsultimpex.anthonberg\/","article_modified_time":"2025-04-24T19:19:17+00:00","og_image":[{"width":440,"height":600,"url":"https:\/\/gevaliapolska.pl\/wp-content\/uploads\/2021\/04\/Rig_Feige.jpg","type":"image\/jpeg"}],"twitter_card":"summary_large_image","twitter_misc":{"Szacowany czas czytania":"1 minuta"},"schema":{"@context":"https:\/\/schema.org","@graph":[{"@type":"WebPage","@id":"https:\/\/gevaliapolska.pl\/home\/produkt\/rigoni-di-asiago-fiordifruta-bio-figi-260g\/","url":"https:\/\/gevaliapolska.pl\/home\/produkt\/rigoni-di-asiago-fiordifruta-bio-figi-260g\/","name":"Rigoni di Asiago Fiordifruta Bio Figi 260g - gevaliapolska %","isPartOf":{"@id":"https:\/\/gevaliapolska.pl\/home\/#website"},"primaryImageOfPage":{"@id":"https:\/\/gevaliapolska.pl\/home\/produkt\/rigoni-di-asiago-fiordifruta-bio-figi-260g\/#primaryimage"},"image":{"@id":"https:\/\/gevaliapolska.pl\/home\/produkt\/rigoni-di-asiago-fiordifruta-bio-figi-260g\/#primaryimage"},"thumbnailUrl":"https:\/\/gevaliapolska.pl\/wp-content\/uploads\/2021\/04\/Rig_Feige.jpg","datePublished":"2021-04-25T14:56:13+00:00","dateModified":"2025-04-24T19:19:17+00:00","description":"%","breadcrumb":{"@id":"https:\/\/gevaliapolska.pl\/home\/produkt\/rigoni-di-asiago-fiordifruta-bio-figi-260g\/#breadcrumb"},"inLanguage":"pl-PL","potentialAction":[{"@type":"ReadAction","target":["https:\/\/gevaliapolska.pl\/home\/produkt\/rigoni-di-asiago-fiordifruta-bio-figi-260g\/"]}]},{"@type":"ImageObject","inLanguage":"pl-PL","@id":"https:\/\/gevaliapolska.pl\/home\/produkt\/rigoni-di-asiago-fiordifruta-bio-figi-260g\/#primaryimage","url":"https:\/\/gevaliapolska.pl\/wp-content\/uploads\/2021\/04\/Rig_Feige.jpg","contentUrl":"https:\/\/gevaliapolska.pl\/wp-content\/uploads\/2021\/04\/Rig_Feige.jpg","width":440,"height":600},{"@type":"BreadcrumbList","@id":"https:\/\/gevaliapolska.pl\/home\/produkt\/rigoni-di-asiago-fiordifruta-bio-figi-260g\/#breadcrumb","itemListElement":[{"@type":"ListItem","position":1,"name":"Strona g\u0142\u00f3wna","item":"https:\/\/gevaliapolska.pl\/home\/"},{"@type":"ListItem","position":2,"name":"Sklep","item":"https:\/\/gevaliapolska.pl\/home\/home\/sklep\/"},{"@type":"ListItem","position":3,"name":"Rigoni di Asiago Fiordifruta Bio Figi 260g"}]},{"@type":"WebSite","@id":"https:\/\/gevaliapolska.pl\/home\/#website","url":"https:\/\/gevaliapolska.pl\/home\/","name":"gevaliapolska","description":"Sklep ze s\u0142odyczami i kaw\u0105 Anthon Berg, Marabou, Toms, Daim, Gevalia, Tchibo","publisher":{"@id":"https:\/\/gevaliapolska.pl\/home\/#organization"},"potentialAction":[{"@type":"SearchAction","target":{"@type":"EntryPoint","urlTemplate":"https:\/\/gevaliapolska.pl\/home\/?s={search_term_string}"},"query-input":{"@type":"PropertyValueSpecification","valueRequired":true,"valueName":"search_term_string"}}],"inLanguage":"pl-PL"},{"@type":"Organization","@id":"https:\/\/gevaliapolska.pl\/home\/#organization","name":"Konsult Impex Sp. z o.o.","url":"https:\/\/gevaliapolska.pl\/home\/","logo":{"@type":"ImageObject","inLanguage":"pl-PL","@id":"https:\/\/gevaliapolska.pl\/home\/#\/schema\/logo\/image\/","url":"https:\/\/gevaliapolska.pl\/wp-content\/uploads\/2021\/02\/konsulimpex-3.svg","contentUrl":"https:\/\/gevaliapolska.pl\/wp-content\/uploads\/2021\/02\/konsulimpex-3.svg","caption":"Konsult Impex Sp. z o.o."},"image":{"@id":"https:\/\/gevaliapolska.pl\/home\/#\/schema\/logo\/image\/"},"sameAs":["https:\/\/www.facebook.com\/konsultimpex.anthonberg\/"]}]}},"jetpack_sharing_enabled":true,"_links":{"self":[{"href":"https:\/\/gevaliapolska.pl\/home\/wp-json\/wp\/v2\/product\/532","targetHints":{"allow":["GET"]}}],"collection":[{"href":"https:\/\/gevaliapolska.pl\/home\/wp-json\/wp\/v2\/product"}],"about":[{"href":"https:\/\/gevaliapolska.pl\/home\/wp-json\/wp\/v2\/types\/product"}],"replies":[{"embeddable":true,"href":"https:\/\/gevaliapolska.pl\/home\/wp-json\/wp\/v2\/comments?post=532"}],"wp:featuredmedia":[{"embeddable":true,"href":"https:\/\/gevaliapolska.pl\/home\/wp-json\/wp\/v2\/media\/533"}],"wp:attachment":[{"href":"https:\/\/gevaliapolska.pl\/home\/wp-json\/wp\/v2\/media?parent=532"}],"wp:term":[{"taxonomy":"product_brand","embeddable":true,"href":"https:\/\/gevaliapolska.pl\/home\/wp-json\/wp\/v2\/product_brand?post=532"},{"taxonomy":"product_cat","embeddable":true,"href":"https:\/\/gevaliapolska.pl\/home\/wp-json\/wp\/v2\/product_cat?post=532"},{"taxonomy":"product_tag","embeddable":true,"href":"https:\/\/gevaliapolska.pl\/home\/wp-json\/wp\/v2\/product_tag?post=532"}],"curies":[{"name":"wp","href":"https:\/\/api.w.org\/{rel}","templated":true}]}}