{"id":1233,"date":"2023-02-19T22:32:05","date_gmt":"2023-02-19T21:32:05","guid":{"rendered":"https:\/\/gevaliapolska.pl\/home\/?post_type=product&#038;p=1233"},"modified":"2025-05-17T12:50:54","modified_gmt":"2025-05-17T10:50:54","slug":"anthon-berg-almonds-eggs-80g-jajeczka-migdalowe","status":"publish","type":"product","link":"https:\/\/gevaliapolska.pl\/home\/produkt\/anthon-berg-almonds-eggs-80g-jajeczka-migdalowe\/","title":{"rendered":"Anthon Berg Mini Mandel\u00e6g 80g"},"content":{"rendered":"<h1>Anthon Berg Mini Mandel\u00e6g<\/h1>\n<p><strong>Anthon Berg Mini Mandel\u00e6g<\/strong> to wyj\u0105tkowe czekoladowe jajka wype\u0142nione chrupi\u0105cymi migda\u0142ami, kt\u00f3re tworz\u0105 idealne po\u0142\u0105czenie smaku czekolady i orzech\u00f3w. Ka\u017cde jajko oferuje doskona\u0142\u0105 r\u00f3wnowag\u0119 mi\u0119dzy s\u0142odycz\u0105 czekolady a delikatnym smakiem migda\u0142\u00f3w. Te pyszne czekoladki to doskona\u0142y wyb\u00f3r na prezent, na \u015bwi\u0119ta lub jako przyjemno\u015b\u0107 na co dzie\u0144. Wysoka jako\u015b\u0107 czekolady Anthon Berg oraz starannie wyselekcjonowane migda\u0142y sprawiaj\u0105, \u017ce Mini Mandel\u00e6g to niezapomniana przek\u0105ska.<\/p>\n<h2>Sk\u0142ad:<\/h2>\n<ul>\n<li>Czekolada mleczna (cukier, mleko w proszku, kakao)<\/li>\n<li>Migda\u0142y (30%)<\/li>\n<li>Mas\u0142o kakaowe<\/li>\n<li>Aromaty naturalne<\/li>\n<li>Emulgator (lecytyna sojowa)<\/li>\n<\/ul>\n<h2>Warto\u015bci energetyczne (na 100g):<\/h2>\n<table>\n<tbody>\n<tr>\n<th>Warto\u015b\u0107 energetyczna<\/th>\n<td>550 kcal \/ 2290 kJ<\/td>\n<\/tr>\n<tr>\n<th>T\u0142uszcz<\/th>\n<td>32 g<\/td>\n<\/tr>\n<tr>\n<th>w tym kwasy t\u0142uszczowe nasycone<\/th>\n<td>5 g<\/td>\n<\/tr>\n<tr>\n<th>W\u0119glowodany<\/th>\n<td>54 g<\/td>\n<\/tr>\n<tr>\n<th>w tym cukry<\/th>\n<td>51 g<\/td>\n<\/tr>\n<tr>\n<th>Bia\u0142ko<\/th>\n<td>6 g<\/td>\n<\/tr>\n<tr>\n<th>S\u00f3l<\/th>\n<td>0.02 g<\/td>\n<\/tr>\n<\/tbody>\n<\/table>\n<p><strong>Anthon Berg Mini Mandel\u00e6g<\/strong> to pyszne po\u0142\u0105czenie mlecznej czekolady i migda\u0142\u00f3w w ma\u0142ych, eleganckich jajkach. Idealne na prezent, do podjadania lub jako s\u0142odka przyjemno\u015b\u0107 na ka\u017cd\u0105 okazj\u0119.<\/p>\n","protected":false},"excerpt":{"rendered":"<p>Anthon Berg Mini Mandel\u00e6g to pyszne czekoladowe jajka z chrupi\u0105cymi migda\u0142ami w \u015brodku. Idealne na prezent lub jako s\u0142odka przyjemno\u015b\u0107 na ka\u017cd\u0105 okazj\u0119.<\/p>\n","protected":false},"featured_media":1807,"comment_status":"open","ping_status":"closed","template":"","meta":[],"product_brand":[],"product_cat":[176,154],"product_tag":[17,155],"class_list":{"0":"post-1233","1":"product","2":"type-product","3":"status-publish","4":"has-post-thumbnail","6":"product_cat-anthon-berg-marki","7":"product_cat-wielkanocna-oferta","8":"product_tag-anthon-berg","9":"product_tag-wielkanoc","11":"first","12":"instock","13":"shipping-taxable","14":"purchasable","15":"product-type-simple"},"yoast_head":"<!-- This site is optimized with the Yoast SEO plugin v25.1 - https:\/\/yoast.com\/wordpress\/plugins\/seo\/ -->\n<title>Anthon Berg Mini Mandel\u00e6g 80g - gevaliapolska<\/title>\n<meta name=\"description\" content=\"Anthon Berg Mini Mandel\u00e6g \u2013 wyj\u0105tkowe czekoladowe jajka wype\u0142nione migda\u0142ami. Doskona\u0142e na prezent lub jako s\u0142odka przek\u0105ska na ka\u017cd\u0105 okazj\u0119.\" \/>\n<meta name=\"robots\" content=\"index, follow, max-snippet:-1, max-image-preview:large, max-video-preview:-1\" \/>\n<link rel=\"canonical\" href=\"https:\/\/gevaliapolska.pl\/home\/produkt\/anthon-berg-almonds-eggs-80g-jajeczka-migdalowe\/\" \/>\n<meta property=\"og:locale\" content=\"pl_PL\" \/>\n<meta property=\"og:type\" content=\"article\" \/>\n<meta property=\"og:title\" content=\"Anthon Berg Mini Mandel\u00e6g 80g - gevaliapolska\" \/>\n<meta property=\"og:description\" content=\"Anthon Berg Mini Mandel\u00e6g \u2013 wyj\u0105tkowe czekoladowe jajka wype\u0142nione migda\u0142ami. Doskona\u0142e na prezent lub jako s\u0142odka przek\u0105ska na ka\u017cd\u0105 okazj\u0119.\" \/>\n<meta property=\"og:url\" content=\"https:\/\/gevaliapolska.pl\/home\/produkt\/anthon-berg-almonds-eggs-80g-jajeczka-migdalowe\/\" \/>\n<meta property=\"og:site_name\" content=\"gevaliapolska\" \/>\n<meta property=\"article:publisher\" content=\"https:\/\/www.facebook.com\/konsultimpex.anthonberg\/\" \/>\n<meta property=\"article:modified_time\" content=\"2025-05-17T10:50:54+00:00\" \/>\n<meta property=\"og:image\" content=\"https:\/\/gevaliapolska.pl\/wp-content\/uploads\/2023\/02\/anthon-berg-mandelagg-101631-1.jpg\" \/>\n\t<meta property=\"og:image:width\" content=\"440\" \/>\n\t<meta property=\"og:image:height\" content=\"440\" \/>\n\t<meta property=\"og:image:type\" content=\"image\/jpeg\" \/>\n<meta name=\"twitter:card\" content=\"summary_large_image\" \/>\n<meta name=\"twitter:label1\" content=\"Szacowany czas czytania\" \/>\n\t<meta name=\"twitter:data1\" content=\"2 minuty\" \/>\n<script type=\"application\/ld+json\" class=\"yoast-schema-graph\">{\"@context\":\"https:\/\/schema.org\",\"@graph\":[{\"@type\":\"WebPage\",\"@id\":\"https:\/\/gevaliapolska.pl\/home\/produkt\/anthon-berg-almonds-eggs-80g-jajeczka-migdalowe\/\",\"url\":\"https:\/\/gevaliapolska.pl\/home\/produkt\/anthon-berg-almonds-eggs-80g-jajeczka-migdalowe\/\",\"name\":\"Anthon Berg Mini Mandel\u00e6g 80g - gevaliapolska\",\"isPartOf\":{\"@id\":\"https:\/\/gevaliapolska.pl\/home\/#website\"},\"primaryImageOfPage\":{\"@id\":\"https:\/\/gevaliapolska.pl\/home\/produkt\/anthon-berg-almonds-eggs-80g-jajeczka-migdalowe\/#primaryimage\"},\"image\":{\"@id\":\"https:\/\/gevaliapolska.pl\/home\/produkt\/anthon-berg-almonds-eggs-80g-jajeczka-migdalowe\/#primaryimage\"},\"thumbnailUrl\":\"https:\/\/gevaliapolska.pl\/wp-content\/uploads\/2023\/02\/anthon-berg-mandelagg-101631-1.jpg\",\"datePublished\":\"2023-02-19T21:32:05+00:00\",\"dateModified\":\"2025-05-17T10:50:54+00:00\",\"description\":\"Anthon Berg Mini Mandel\u00e6g \u2013 wyj\u0105tkowe czekoladowe jajka wype\u0142nione migda\u0142ami. Doskona\u0142e na prezent lub jako s\u0142odka przek\u0105ska na ka\u017cd\u0105 okazj\u0119.\",\"breadcrumb\":{\"@id\":\"https:\/\/gevaliapolska.pl\/home\/produkt\/anthon-berg-almonds-eggs-80g-jajeczka-migdalowe\/#breadcrumb\"},\"inLanguage\":\"pl-PL\",\"potentialAction\":[{\"@type\":\"ReadAction\",\"target\":[\"https:\/\/gevaliapolska.pl\/home\/produkt\/anthon-berg-almonds-eggs-80g-jajeczka-migdalowe\/\"]}]},{\"@type\":\"ImageObject\",\"inLanguage\":\"pl-PL\",\"@id\":\"https:\/\/gevaliapolska.pl\/home\/produkt\/anthon-berg-almonds-eggs-80g-jajeczka-migdalowe\/#primaryimage\",\"url\":\"https:\/\/gevaliapolska.pl\/wp-content\/uploads\/2023\/02\/anthon-berg-mandelagg-101631-1.jpg\",\"contentUrl\":\"https:\/\/gevaliapolska.pl\/wp-content\/uploads\/2023\/02\/anthon-berg-mandelagg-101631-1.jpg\",\"width\":440,\"height\":440},{\"@type\":\"BreadcrumbList\",\"@id\":\"https:\/\/gevaliapolska.pl\/home\/produkt\/anthon-berg-almonds-eggs-80g-jajeczka-migdalowe\/#breadcrumb\",\"itemListElement\":[{\"@type\":\"ListItem\",\"position\":1,\"name\":\"Strona g\u0142\u00f3wna\",\"item\":\"https:\/\/gevaliapolska.pl\/home\/\"},{\"@type\":\"ListItem\",\"position\":2,\"name\":\"Sklep\",\"item\":\"https:\/\/gevaliapolska.pl\/home\/home\/sklep\/\"},{\"@type\":\"ListItem\",\"position\":3,\"name\":\"Anthon Berg Mini Mandel\u00e6g 80g\"}]},{\"@type\":\"WebSite\",\"@id\":\"https:\/\/gevaliapolska.pl\/home\/#website\",\"url\":\"https:\/\/gevaliapolska.pl\/home\/\",\"name\":\"gevaliapolska\",\"description\":\"Sklep ze s\u0142odyczami i kaw\u0105 Anthon Berg, Marabou, Toms, Daim, Gevalia, Tchibo\",\"publisher\":{\"@id\":\"https:\/\/gevaliapolska.pl\/home\/#organization\"},\"potentialAction\":[{\"@type\":\"SearchAction\",\"target\":{\"@type\":\"EntryPoint\",\"urlTemplate\":\"https:\/\/gevaliapolska.pl\/home\/?s={search_term_string}\"},\"query-input\":{\"@type\":\"PropertyValueSpecification\",\"valueRequired\":true,\"valueName\":\"search_term_string\"}}],\"inLanguage\":\"pl-PL\"},{\"@type\":\"Organization\",\"@id\":\"https:\/\/gevaliapolska.pl\/home\/#organization\",\"name\":\"Konsult Impex Sp. z o.o.\",\"url\":\"https:\/\/gevaliapolska.pl\/home\/\",\"logo\":{\"@type\":\"ImageObject\",\"inLanguage\":\"pl-PL\",\"@id\":\"https:\/\/gevaliapolska.pl\/home\/#\/schema\/logo\/image\/\",\"url\":\"https:\/\/gevaliapolska.pl\/wp-content\/uploads\/2021\/02\/konsulimpex-3.svg\",\"contentUrl\":\"https:\/\/gevaliapolska.pl\/wp-content\/uploads\/2021\/02\/konsulimpex-3.svg\",\"caption\":\"Konsult Impex Sp. z o.o.\"},\"image\":{\"@id\":\"https:\/\/gevaliapolska.pl\/home\/#\/schema\/logo\/image\/\"},\"sameAs\":[\"https:\/\/www.facebook.com\/konsultimpex.anthonberg\/\"]}]}<\/script>\n<!-- \/ Yoast SEO plugin. -->","yoast_head_json":{"title":"Anthon Berg Mini Mandel\u00e6g 80g - gevaliapolska","description":"Anthon Berg Mini Mandel\u00e6g \u2013 wyj\u0105tkowe czekoladowe jajka wype\u0142nione migda\u0142ami. Doskona\u0142e na prezent lub jako s\u0142odka przek\u0105ska na ka\u017cd\u0105 okazj\u0119.","robots":{"index":"index","follow":"follow","max-snippet":"max-snippet:-1","max-image-preview":"max-image-preview:large","max-video-preview":"max-video-preview:-1"},"canonical":"https:\/\/gevaliapolska.pl\/home\/produkt\/anthon-berg-almonds-eggs-80g-jajeczka-migdalowe\/","og_locale":"pl_PL","og_type":"article","og_title":"Anthon Berg Mini Mandel\u00e6g 80g - gevaliapolska","og_description":"Anthon Berg Mini Mandel\u00e6g \u2013 wyj\u0105tkowe czekoladowe jajka wype\u0142nione migda\u0142ami. Doskona\u0142e na prezent lub jako s\u0142odka przek\u0105ska na ka\u017cd\u0105 okazj\u0119.","og_url":"https:\/\/gevaliapolska.pl\/home\/produkt\/anthon-berg-almonds-eggs-80g-jajeczka-migdalowe\/","og_site_name":"gevaliapolska","article_publisher":"https:\/\/www.facebook.com\/konsultimpex.anthonberg\/","article_modified_time":"2025-05-17T10:50:54+00:00","og_image":[{"width":440,"height":440,"url":"https:\/\/gevaliapolska.pl\/wp-content\/uploads\/2023\/02\/anthon-berg-mandelagg-101631-1.jpg","type":"image\/jpeg"}],"twitter_card":"summary_large_image","twitter_misc":{"Szacowany czas czytania":"2 minuty"},"schema":{"@context":"https:\/\/schema.org","@graph":[{"@type":"WebPage","@id":"https:\/\/gevaliapolska.pl\/home\/produkt\/anthon-berg-almonds-eggs-80g-jajeczka-migdalowe\/","url":"https:\/\/gevaliapolska.pl\/home\/produkt\/anthon-berg-almonds-eggs-80g-jajeczka-migdalowe\/","name":"Anthon Berg Mini Mandel\u00e6g 80g - gevaliapolska","isPartOf":{"@id":"https:\/\/gevaliapolska.pl\/home\/#website"},"primaryImageOfPage":{"@id":"https:\/\/gevaliapolska.pl\/home\/produkt\/anthon-berg-almonds-eggs-80g-jajeczka-migdalowe\/#primaryimage"},"image":{"@id":"https:\/\/gevaliapolska.pl\/home\/produkt\/anthon-berg-almonds-eggs-80g-jajeczka-migdalowe\/#primaryimage"},"thumbnailUrl":"https:\/\/gevaliapolska.pl\/wp-content\/uploads\/2023\/02\/anthon-berg-mandelagg-101631-1.jpg","datePublished":"2023-02-19T21:32:05+00:00","dateModified":"2025-05-17T10:50:54+00:00","description":"Anthon Berg Mini Mandel\u00e6g \u2013 wyj\u0105tkowe czekoladowe jajka wype\u0142nione migda\u0142ami. Doskona\u0142e na prezent lub jako s\u0142odka przek\u0105ska na ka\u017cd\u0105 okazj\u0119.","breadcrumb":{"@id":"https:\/\/gevaliapolska.pl\/home\/produkt\/anthon-berg-almonds-eggs-80g-jajeczka-migdalowe\/#breadcrumb"},"inLanguage":"pl-PL","potentialAction":[{"@type":"ReadAction","target":["https:\/\/gevaliapolska.pl\/home\/produkt\/anthon-berg-almonds-eggs-80g-jajeczka-migdalowe\/"]}]},{"@type":"ImageObject","inLanguage":"pl-PL","@id":"https:\/\/gevaliapolska.pl\/home\/produkt\/anthon-berg-almonds-eggs-80g-jajeczka-migdalowe\/#primaryimage","url":"https:\/\/gevaliapolska.pl\/wp-content\/uploads\/2023\/02\/anthon-berg-mandelagg-101631-1.jpg","contentUrl":"https:\/\/gevaliapolska.pl\/wp-content\/uploads\/2023\/02\/anthon-berg-mandelagg-101631-1.jpg","width":440,"height":440},{"@type":"BreadcrumbList","@id":"https:\/\/gevaliapolska.pl\/home\/produkt\/anthon-berg-almonds-eggs-80g-jajeczka-migdalowe\/#breadcrumb","itemListElement":[{"@type":"ListItem","position":1,"name":"Strona g\u0142\u00f3wna","item":"https:\/\/gevaliapolska.pl\/home\/"},{"@type":"ListItem","position":2,"name":"Sklep","item":"https:\/\/gevaliapolska.pl\/home\/home\/sklep\/"},{"@type":"ListItem","position":3,"name":"Anthon Berg Mini Mandel\u00e6g 80g"}]},{"@type":"WebSite","@id":"https:\/\/gevaliapolska.pl\/home\/#website","url":"https:\/\/gevaliapolska.pl\/home\/","name":"gevaliapolska","description":"Sklep ze s\u0142odyczami i kaw\u0105 Anthon Berg, Marabou, Toms, Daim, Gevalia, Tchibo","publisher":{"@id":"https:\/\/gevaliapolska.pl\/home\/#organization"},"potentialAction":[{"@type":"SearchAction","target":{"@type":"EntryPoint","urlTemplate":"https:\/\/gevaliapolska.pl\/home\/?s={search_term_string}"},"query-input":{"@type":"PropertyValueSpecification","valueRequired":true,"valueName":"search_term_string"}}],"inLanguage":"pl-PL"},{"@type":"Organization","@id":"https:\/\/gevaliapolska.pl\/home\/#organization","name":"Konsult Impex Sp. z o.o.","url":"https:\/\/gevaliapolska.pl\/home\/","logo":{"@type":"ImageObject","inLanguage":"pl-PL","@id":"https:\/\/gevaliapolska.pl\/home\/#\/schema\/logo\/image\/","url":"https:\/\/gevaliapolska.pl\/wp-content\/uploads\/2021\/02\/konsulimpex-3.svg","contentUrl":"https:\/\/gevaliapolska.pl\/wp-content\/uploads\/2021\/02\/konsulimpex-3.svg","caption":"Konsult Impex Sp. z o.o."},"image":{"@id":"https:\/\/gevaliapolska.pl\/home\/#\/schema\/logo\/image\/"},"sameAs":["https:\/\/www.facebook.com\/konsultimpex.anthonberg\/"]}]}},"jetpack_sharing_enabled":true,"_links":{"self":[{"href":"https:\/\/gevaliapolska.pl\/home\/wp-json\/wp\/v2\/product\/1233","targetHints":{"allow":["GET"]}}],"collection":[{"href":"https:\/\/gevaliapolska.pl\/home\/wp-json\/wp\/v2\/product"}],"about":[{"href":"https:\/\/gevaliapolska.pl\/home\/wp-json\/wp\/v2\/types\/product"}],"replies":[{"embeddable":true,"href":"https:\/\/gevaliapolska.pl\/home\/wp-json\/wp\/v2\/comments?post=1233"}],"wp:featuredmedia":[{"embeddable":true,"href":"https:\/\/gevaliapolska.pl\/home\/wp-json\/wp\/v2\/media\/1807"}],"wp:attachment":[{"href":"https:\/\/gevaliapolska.pl\/home\/wp-json\/wp\/v2\/media?parent=1233"}],"wp:term":[{"taxonomy":"product_brand","embeddable":true,"href":"https:\/\/gevaliapolska.pl\/home\/wp-json\/wp\/v2\/product_brand?post=1233"},{"taxonomy":"product_cat","embeddable":true,"href":"https:\/\/gevaliapolska.pl\/home\/wp-json\/wp\/v2\/product_cat?post=1233"},{"taxonomy":"product_tag","embeddable":true,"href":"https:\/\/gevaliapolska.pl\/home\/wp-json\/wp\/v2\/product_tag?post=1233"}],"curies":[{"name":"wp","href":"https:\/\/api.w.org\/{rel}","templated":true}]}}